 = -2*g(w) - 11*z(w). Is r(c) prime?
True
Suppose -5*y + 6072 + 713 = 0. Is y prime?
False
Suppose -5*z = -582 - 533. Is z a composite number?
False
Suppose o - 26 = -o. Suppose 4*d + q = -0*q + o, 2*d = -4*q + 10. Is 26/d*3/2 composite?
False
Suppose d = 4*v + 2*d - 4649, 0 = -5*v + 5*d + 5830. Is v a composite number?
False
Let y = -1 - -1. Let c be -2*(1 + y) + 6. Suppose -c*d + 128 = 2*s, -2*d - 3*s + 36 = -32. Is d composite?
False
Suppose 0*x - 5*x = 10. Let b(s) = -4*s - 3. Let d be b(x). Suppose 37 = 2*i - c - 33, 0 = d*i - 3*c - 173. Is i prime?
True
Let s(k) = 8*k**2 + k + 25. Is s(-6) a composite number?
False
Let n(h) = -2*h**3 - 2*h**2 - 17*h + 3. Is n(-10) a prime number?
True
Suppose 0*a - a + 4 = 0, -2*t = 5*a - 726. Is t a composite number?
False
Let o(c) = 102*c**2 - 3*c - 1. Is o(-2) a composite number?
True
Is (6/(-10))/((-11)/5335) prime?
False
Suppose -3 = -8*z + 7*z, -5*z - 6696 = -3*l. Is l a prime number?
True
Let a be 1 + (-3 + 2 - 0). Let g be (a + 6/4)*26. Let p = g + -20. Is p a prime number?
True
Suppose -3 = -h - a, -h + 2*h - a - 5 = 0. Suppose 0 = h*z - 8. Suppose c = -p + 90 - 29, -150 = -z*p + 5*c. Is p a composite number?
True
Let j = -481 - -776. Suppose -j = -5*x - 4*m, 2*m = 3*x - 0*m - 155. Is x a prime number?
False
Let l be -3*(3 - 3 - 1). Suppose l*g = -26 + 68. Is g prime?
False
Let o be -7 - -6 - -1*8. Let t(p) = 2*p**2 + 7*p + 2. Is t(o) a composite number?
False
Is -1581*(2/3 + -1) prime?
False
Let o be (-1)/(-4) - (-55)/4. Let h be 0/(-4) - (7 + 1). Let l = h + o. Is l composite?
True
Let x be 1 - 985/(-5) - 2/(-2). Let c be ((-16)/(1 + 0))/1. Let l = x - c. Is l composite?
True
Suppose -5*q - 4 = -24. Suppose -28 = -t - 6. Suppose q*x + t = 170. Is x composite?
False
Let m(p) = 275*p + 4. Let g(u) = -92*u - 1. Let z(o) = 7*g(o) + 2*m(o). Is z(-1) prime?
False
Let a be (2 - (-1)/1) + 2. Suppose -382 - 233 = -a*p. Is p a composite number?
True
Is (1227/6)/((-1)/(-2)) composite?
False
Let f(u) be the third derivative of -5*u**4/4 + u**3/6 + 2*u**2. Let l be f(-6). Suppose -j = -2*t - 33, 2*t = 3*j + 2*j - l. Is j a prime number?
True
Let q be (-1 - -4)*6/9. Let v = q - 0. Suppose 4*s + 0*j = -4*j + 32, 0 = 4*s - v*j - 50. Is s a composite number?
False
Is (-3)/(-4) + (-22805)/(-20) prime?
False
Suppose -961 - 4094 = -3*y. Is y composite?
True
Suppose 2*f + 16 = 4*a, a - 15 = -5*f - 0*a. Suppose 5*r + 12 = -f*h, h = -2*h - 3*r. Is h a composite number?
True
Let w(o) = 27*o**3 + 7*o**2 + 4*o + 3. Let s(i) = i**2 + i + 1. Let l(h) = 4*s(h) - w(h). Let y be l(-2). Suppose 4*m = 3*p - y, -3*m = 3 - 0. Is p prime?
True
Let x = -28 + 55. Let p = -46 + x. Let c = p - -38. Is c prime?
True
Let o = -9 + 12. Suppose 0 = o*w - 0*w - 603. Is w composite?
True
Suppose -a = -2 - 1. Let v = 7 + -4. Suppose x + 5 = -5*h, -v*x + a*h = -2*x - 19. Is x a prime number?
False
Let b be (-1)/(-4)*(2 - -2). Let w(u) = 37*u**3 + u**2 - u. Is w(b) a composite number?
False
Suppose -2*k = -5*q - 4*k + 12, -3*q + 4 = -2*k. Suppose 0 = -l - 5*u + 38, q*l - 69 = -u - 2. Is l a composite number?
True
Let x(r) = -2*r - 9. Let z(q) = -2*q - 8. Let i(y) = -2*x(y) + 3*z(y). Let d be i(-4). Let w(j) = 2*j**3 - j**2 - 2*j + 2. Is w(d) a prime number?
False
Suppose 5*w + 5*p = 4 + 11, 0 = 5*w - 3*p - 15. Suppose l - w = 23. Is l a composite number?
True
Let w = -193 - -326. Is w a prime number?
False
Let m be 99/6 + (-3)/(-6). Suppose j + 5*d = -0*j + m, 0 = 5*j + 4*d - 22. Let h(p) = -p**3 + 2*p**2 + p + 1. Is h(j) composite?
False
Suppose -3*x + 13 = -152. Is x composite?
True
Let u(a) = -a**3 - 3*a**2 - 5*a - 4. Let i be u(-3). Let g = i - 7. Suppose 3*b = 4*d - 73, -2*b = -6*b + g. Is d a composite number?
False
Suppose 6*r - 30 = r. Suppose 2*f - 1 = 7, -f = -q + r. Is q a prime number?
False
Let a(h) = -6*h**2 + h. Let j be a(-1). Let m(t) = 4*t**2 + 6*t - 5. Is m(j) a prime number?
True
Let w(a) = 2*a - 7. Let p be ((-10)/(-8))/((-2)/(-8)). Let x be w(p). Suppose -x*g = -u + 133, -5*u + 2*g + 205 = -512. Is u prime?
False
Let i = -4 - -19. Is i prime?
False
Suppose 4*q - 240 = r - 0*r, -4*r - 16 = 0. Is q composite?
False
Is -1668*(-2 + 0 + 1) + 1 a composite number?
False
Let n = 17 + -10. Suppose 3*t = n*t. Suppose -4*u - 2*a + 94 - 2 = t, -2*a - 33 = -u. Is u prime?
False
Let w(q) = 17*q**3 + 2*q**2 - q. Let x be w(1). Let k = -11 + x. Suppose k*o = 3*o + 60. Is o a prime number?
False
Let y(z) = z**3 - 4*z**2 + 4*z - 2. Let u be y(2). Is 1 + 0 - 1940/u composite?
False
Let b(q) = 4*q**2 + 2*q - 2. Let f be (-5 + -1)*(-1)/2. Let s be b(f). Let r = 89 - s. Is r a prime number?
False
Let r be 284/18 + (-2)/(-9). Suppose 5*j = r + 9. Is (2 - 2) + 11*j a composite number?
True
Let o(u) = 2*u**2 + 5*u + 10. Suppose -2*s - 3*s - 2*m - 4 = 0, 2 = 2*s - m. Suppose 3*k + 27 = -s*k. Is o(k) a composite number?
False
Suppose 965 = -2*m - 773. Let t = -402 - m. Is t composite?
False
Suppose k + 8 = 3*k + i, -5*k + 5*i + 5 = 0. Suppose -5*v + k*c = c - 1057, 425 = 2*v - 3*c. Is v a composite number?
False
Is -1*(-42)/4*(-3516)/(-18) a composite number?
True
Let u(j) = 5*j**3 + 3*j**2 - 7*j + 8. Is u(5) prime?
True
Let i(k) = -k**3 + 11*k**2 - 6*k - 9. Suppose 0*s = 3*o - 2*s + 29, -2*o + 4*s - 30 = 0. Let b = o + 14. Is i(b) composite?
True
Let a be (-5894)/(-4) - 3/6. Suppose -m - 2*y - a = -6*m, 0 = 2*m + 5*y - 595. Is m composite?
True
Let s be (3/(-4))/((-4)/(-16)). Let p(m) = -4*m**3 - 4*m**2 - 3*m - 4. Is p(s) a composite number?
True
Let a(f) be the first derivative of f**3 + f - 2. Let k be a(-1). Is (-2)/(-8) - (-151)/k composite?
True
Let v = 1 + 2. Suppose 310 = v*i - 53. Is i a prime number?
False
Let y be (-2 + 1 + 0)*3. Let s(m) = m**2 + 2*m + 3. Let l be s(y). Suppose -u + 17 = -l. Is u a prime number?
True
Suppose -10 = -4*t - 2. Let r(j) = 36*j**2 - j + 1. Is r(t) prime?
False
Suppose 5*g - 8381 = -511. Let t = g + -1093. Is t composite?
True
Suppose -2*i = i - 3*u - 18, -2*u - 8 = 0. Let b(m) = 13*m**3 - 4*m**2 + 3*m - 1. Is b(i) prime?
False
Let f = 0 + -1. Let r = f + 3. Suppose 0 = -r*i + 3*w + 25, -5*i + 3*i + 32 = 4*w. Is i a prime number?
False
Let o = -199 - -338. Is o a composite number?
False
Let i(c) = 5*c**2 + 4*c + 6. Is i(-7) a prime number?
True
Let n(t) = -t**2 + 5*t - 1. Let u be n(3). Suppose -f - o = 2*o - 79, -395 = -5*f - u*o. Is f prime?
True
Is (-39284)/(-13) + (-12)/(-78) composite?
True
Let h(z) = z**2 + 5*z - 9. Let s be h(-7). Suppose -5*q - s = -0*q. Let t(p) = -4*p**3 - p**2 - 2*p - 1. Is t(q) composite?
True
Suppose -4*t + 5*k + 4195 = 0, 0 = t - 5*t - 3*k + 4235. Is t prime?
False
Let t = -143 - -242. Suppose 8*w - 4*w = 20. Suppose u = -0*q + 4*q + t, 0 = w*q + 25. Is u a prime number?
True
Let q be (3 + 11)*14*6. Suppose q + 109 = 5*n. Is n composite?
False
Suppose -7 - 3 = -p. Let o = p + 57. Is o a composite number?
False
Suppose 3*s = 2*m + m + 378, 0 = -5*s - 5*m + 640. Is s a composite number?
False
Suppose 3*j - 3 = -0. Let h = -1 + j. Let n = 35 + h. Is n a composite number?
True
Suppose -2*r + 73 = -4*h - 119, 3 = -3*h. Is r a prime number?
False
Suppose 4*a - 632 = -100. Is a prime?
False
Suppose -5*b = -2*b + 3. Let y = b - -13. Suppose 21 + y = t. Is t prime?
False
Suppose 2*u - 57 = 3*u. Let b = u + 100. Is b a composite number?
False
Let r = -12 - -22. Suppose 5*h + 0*h - r = 0. Suppose -h*a + 74 = -0*a. Is a composite?
False
Let f = -208 + 605. Is f a prime number?
True
Let s be 2/4*11*-12. Let z(p) = -p + 1. Let b be z(5). Is ((-4)/(-6))/(b/s) a composite number?
False
Let u = 5 - -1. Is u/(-9) - (-214)/6 a composite number?
True
Is (37 - (-2 + -1)) + -3 a composite number?
False
Let d = 73 + -18. Is d prime?
False
Suppose -5*x + 443 = -6*x. Let u = -229 - x. Is u a composite number?
True
Suppose 3*s = -0 + 9. Suppose -3*a = -a - 5*v - 250, -341 = -s*a - v. Is a a composite number?
True
Suppose 770 = a + 139. Is a a composite number?
False
Suppose -15 = 3*p, -11 - 21 = -4*g + 4*p. Suppose -g*x + 78 = u + 16, -4*x - 2*u = -86. Is x prime?
True
Suppose 3*z - 23*z + 14140 = 0. Is z composite?
True
Suppose u = -u + 6326. Is u a composite number?
False
Suppose -w + 0 = -3. Suppose -w*c + 5*i = -86, -13 + 3 = -2*i. Is c composite?
False
Let f be 27 + (1 - 2) + 2. Let a = f + 1